hat is the greatest common factor of 6867 and 14?
7
What is the highest common divisor of 1827252 and 756?
756
Calculate the greatest common factor of 2619 and 152775.
873
Calculate the greatest common factor of 3 and 1322580.
3
Calculate the highest common factor of 16482 and 3618.
402
Calculate the greatest common divisor of 18326 and 8602.
374
What is the greatest common factor of 696 and 99354?
174
Calculate the greatest common factor of 5461227 and 586.
293
Calculate the greatest common divisor of 3232337 and 19.
19
Calculate the greatest common factor of 305 and 6130.
5
What is the greatest common divisor of 255891 and 3?
3
What is the highest common divisor of 7 and 48713?
7
Calculate the greatest common divisor of 5160 and 648.
24
Calculate the highest common factor of 43875 and 2075.
25
Calculate the greatest common factor of 41958 and 58534.
518
Calculate the greatest common factor of 21679 and 1691.
19
What is the greatest common divisor of 45 and 5214825?
45
Calculate the highest common factor of 155 and 497395.
155
What is the highest common divisor of 3759 and 81?
3
What is the highest common factor of 30 and 49155?
15
What is the greatest common divisor of 2418 and 30?
6
What is the greatest common factor of 2478270 and 30?
30
Calculate the highest common divisor of 4687 and 52073.
43
Calculate the highest common factor of 1328 and 1824.
16
What is the highest common factor of 109 and 440?
1
What is the greatest common divisor of 48 and 144240?
48
Calculate the highest common divisor of 45952 and 512.
128
Calculate the greatest common divisor of 35997 and 845.
169
What is the greatest common divisor of 80 and 84208?
16
Calculate the highest common factor of 32317 and 17.
17
What is the greatest common divisor of 29718 and 4?
2
What is the greatest common factor of 100710 and 14547?
1119
Calculate the highest common divisor of 23403 and 255819.
807
Calculate the highest common factor of 2294 and 666.
74
Calculate the greatest common factor of 211483 and 237.
79
Calculate the greatest common divisor of 448 and 49.
7
Calculate the highest common factor of 31 and 12786477.
31
What is the highest common factor of 499788 and 126?
18
Calculate the highest common factor of 72335 and 555.
185
Calculate the greatest common divisor of 5777 and 106.
53
Calculate the greatest common divisor of 7906 and 1062.
118
Calculate the highest common divisor of 74 and 177674.
74
Calculate the greatest common factor of 4182 and 5267926.
1394
What is the highest common divisor of 152 and 35176?
8
Calculate the highest common divisor of 15281 and 9287.
37
What is the greatest common divisor of 36 and 124884?
36
Calculate the highest common factor of 89154 and 108.
54
Calculate the greatest common divisor of 13872 and 4182.
102
Calculate the greatest common factor of 185 and 1045.
5
Calculate the greatest common divisor of 144 and 818880.
48
Calculate the greatest common factor of 492 and 7954.
82
Calculate the greatest common factor of 456 and 104.
8
What is the highest common divisor of 452 and 15?
1
What is the highest common divisor of 25532 and 1404?
52
What is the greatest common factor of 9287846 and 2098?
2098
Calculate the highest common factor of 26 and 61399.
13
What is the greatest common factor of 16198 and 10192?
182
Calculate the greatest common divisor of 330 and 18366.
6
What is the greatest common divisor of 19744 and 352?
32
What is the greatest common factor of 13265 and 280?
35
Calculate the greatest common divisor of 708 and 1194868.
236
Calculate the highest common divisor of 4270 and 30317.
427
What is the highest common factor of 585 and 306?
9
Calculate the highest common divisor of 5031 and 13975.
559
Calculate the highest common divisor of 2237400 and 825.
825
Calculate the greatest common divisor of 4294176 and 123.
123
Calculate the highest common factor of 3195 and 311265.
45
Calculate the greatest common factor of 46694 and 296.
74
What is the highest common factor of 126519 and 543?
543
Calculate the highest common divisor of 32 and 12900.
4
Calculate the greatest common factor of 140 and 584780.
140
Calculate the greatest common factor of 640 and 27296.
32
Calculate the greatest common factor of 3741 and 54027.
87
Calculate the highest common divisor of 15132 and 6596.
388
Calculate the greatest common factor of 162 and 68202.
162
Calculate the greatest common divisor of 4656 and 41040.
48
Calculate the greatest common factor of 144775 and 75.
25
What is the greatest common factor of 900360 and 480?
120
What is the highest common factor of 272 and 45254?
34
Calculate the greatest common factor of 3 and 28617.
3
Calculate the greatest common divisor of 142569 and 315.
63
What is the highest common divisor of 4 and 1750696?
4
Calculate the highest common divisor of 1394288 and 336.
112
Calculate the greatest common factor of 12314 and 3901.
47
What is the greatest common factor of 3102 and 1373622?
282
What is the greatest common divisor of 79 and 134221?
79
Calculate the highest common divisor of 7008 and 5475.
219
What is the highest common divisor of 656 and 825207?
41
What is the highest common factor of 25515 and 99?
9
What is the greatest common factor of 320 and 6610?
10
Calculate the greatest common factor of 19754850 and 183.
183
What is the highest common factor of 47346 and 78?
78
What is the greatest common factor of 22 and 652531?
11
Calculate the highest common divisor of 7898 and 121.
11
What is the greatest common divisor of 936 and 17352?
72
Calculate the greatest common divisor of 2955 and 60.
15
What is the highest common divisor of 4611 and 5141?
53
Calculate the greatest common divisor of 10926 and 36306.
18
What is the greatest common factor of 752102 and 13?
13
Calculate the greatest common factor of 70 and 1029840.
70
What is the highest common divisor of 8526 and 870?
174
Calculate the highest common factor of 6666 and 2727.
303
Calculate the greatest common factor of 27360 and 296685.
855
What is the greatest common factor of 6213611 and 69?
23
What is the greatest common divisor of 11 and 393019?
11
Calculate the greatest common divisor of 1128 and 322044.
564
Calculate the highest common divisor of 603 and 26331.
201
What is the highest common divisor of 276 and 157228?
92
What is the greatest common divisor of 8084 and 860?
172
Calculate the greatest common factor of 11016 and 1539.
81
Calculate the greatest common divisor of 45087 and 741.
57
Calculate the greatest common divisor of 226 and 107011.
113
Calculate the greatest common factor of 1612 and 4940.
52
What is the greatest common divisor of 36 and 29358?
18
What is the highest common factor of 325 and 31590?
65
What is the greatest common factor of 10261 and 662?
331
Calculate the greatest common divisor of 1368 and 1656.
72
Calculate the greatest common divisor of 1145 and 27251.
229
What is the greatest common factor of 444 and 1725532?
148
Calculate the highest common factor of 104 and 18434.
26
What is the highest common factor of 96035 and 75?
5
What is the greatest common divisor of 92617 and 404?
101
What is the greatest common factor of 45 and 10305?
45
Calculate the greatest common divisor of 119315 and 35.
35
Calculate the highest common divisor of 17100 and 988.
76
What is the highest common divisor of 419148 and 108?
108
What is the highest common divisor of 1791 and 538295?
199
What is the highest common divisor of 15 and 10?
5
What is the highest common divisor of 85 and 65?
5
Calculate the highest common divisor of 292 and 56940.
292
What is the highest common factor of 2115 and 27630?
45
What is the greatest common divisor of 19888 and 11264?
176
What is the highest common divisor of 9 and 56002?
1
What is the greatest common divisor of 2501 and 7869?
61
Calculate the highest common divisor of 1798480 and 200.
40
Calculate the greatest common factor of 79755 and 5.
5
What is the greatest common factor of 480 and 7365?
15
Calculate the greatest common factor of 1178 and 292695.
19
What is the greatest common divisor of 7273 and 203?
7
Calculate the greatest common divisor of 141 and 1277319.
141
Calculate the highest common factor of 4 and 272188.
4
What is the greatest common divisor of 616 and 60704?
56
What is the 